y.
8
Let n = 45 + -32. Let b(s) = 37*s**3 + s**2 - s. What is the remainder when b(1) is divided by n?
11
Suppose 0 = -4*s + 82 + 154. Suppose 171 - s = -4*c - 4*p, -2*c = p + 58. Calculate the remainder when ((-12)/(-10))/((-2)/c) is divided by 10.
8
Let j be -20 - (-2 - -1 - -3). Calculate the remainder when (-12)/(-90) + (-343)/(-15) is divided by j/(-3) + 4/6.
7
Let o = 13 + -9. Suppose -3*t - 69 = -o*w + 62, -w - 4*t = -9. What is the remainder when 85 is divided by w?
27
Suppose -4*p = -2*p + 82. Let f = -17 - p. Suppose 3*r - 5*n = f, 8 = -0*r + r - 5*n. Calculate the remainder when 23 is divided by r.
7
Let f(v) = v**2 + 12*v - 11. Suppose 2*l - 4 = -32. Calculate the remainder when 66 is divided by f(l).
15
Suppose 71 = 5*g + 11. Calculate the remainder when 70 is divided by g.
10
Suppose 71*m - 66*m = 140. Calculate the remainder when 50 is divided by m.
22
Let t = -4 + -2. What is the remainder when (-2)/4 + (-57)/t is divided by 5?
4
Let d(s) = 2*s - 6. Suppose 0*z - 7*z = -70. What is the remainder when z is divided by d(6)?
4
Suppose 15 = -3*a + 144. Calculate the remainder when a is divided by 12.
7
Let n be (-2)/(-4) + 2/(-4). Suppose n*l = l. Calculate the remainder when 29 is divided by 15 - (0 - (0 - l)).
14
Suppose -1 = l - 3. Suppose 0 = -2*q - 2, q = l*r + 4*q - 47. What is the remainder when r is divided by 9?
7
Let i be (50/20)/(2/4). Suppose 2*q + 5*j - 49 = 0, 5*q - 3*j + i*j = 91. Calculate the remainder when 31 is divided by q.
14
Let q = 7 + 0. Let i = 5 - q. What is the remainder when 37 is divided by i + (1 + 0)*15?
11
Let w(t) = t - 4. Let x be w(4). Suppose 2*a + 4*p - 21 - 85 = 0, 3*a + 5*p - 157 = x. Calculate the remainder when a is divided by 17.
15
Suppose 4 = -r + 7. Suppose 4*f + 19 = r*w - 5, 0 = w - f - 7. Calculate the remainder when -6*3*(-2)/w is divided by 5.
4
Let b(l) be the first derivative of 4*l**3/3 + l**2/2 + l + 3. What is the remainder when b(-1) is divided by 2?
0
Suppose 3*r + r - 33 = -5*g, -2*r - 1 = -g. Calculate the remainder when (8/(-4))/(2/(-9)) is divided by g.
4
What is the remainder when 1/2 + 174/4 is divided by (-136)/(-51)*18/4?
8
Suppose 3*l = l - 6, -2*h - 9 = 5*l. Suppose h = -3*a + 27. What is the remainder when 29 is divided by a?
5
Suppose -2*j + 6 = -3*j. Calculate the remainder when (4/(-1))/(12/j) is divided by 1.
0
Let k(s) = 2*s**2 - 16*s + 7. What is the remainder when 26 is divided by k(8)?
5
Let d = 71 - 34. Suppose 2*v - 26 = -5*s + s, 0 = v - 4*s - d. What is the remainder when 61 is divided by v?
19
Let x be (2 + -1)/((-1)/(-2)). Let f be 1/x - (-55)/2. Suppose 0*i = -2*i + f. What is the remainder when 26 is divided by i?
12
Let f = -21 + 25. What is the remainder when (22/3)/(8/12) is divided by f?
3
Let p = -5 + 14. Let h = -3 + 0. Let r = 2 - h. What is the remainder when p is divided by r?
4
Suppose 4*v + 18 = d, -2*d = d - 2*v - 64. What is the remainder when 84 is divided by d?
18
Suppose 3*p + 4*i = 1 - 17, 20 = -5*i. Let j be (-5 - -28) + 0 + p. Suppose 0 = 3*c - j - 10. Calculate the remainder when c is divided by 7.
4
Let v = 9 - 6. Let a be v/(-4) + (-4)/16. What is the remainder when 28 is divided by (-2 + a + 2)*-10?
8
Let d = 2 - -31. Suppose 0*p - 3*p = -d. Calculate the remainder when 19 is divided by p.
8
Suppose -5*g = -10, -g = -x + 15 + 47. What is the remainder when x is divided by 34?
30
Suppose 4*r - 81 = -13. Suppose 4*o + 1 = -y + r, 0 = -2*y - 4*o + 24. Let k = 55 + -33. Calculate the remainder when k is divided by y.
6
Calculate the remainder when 0 - (-1 + (-4)/((-12)/(-243))) is divided by 42.
40
Let k(o) = 69*o**2 - o. Calculate the remainder when k(1) is divided by ((-28)/5)/((-6)/15).
12
Suppose x - 22 = 5*s, 2*x - 7*x + 62 = -s. What is the remainder when 19 is divided by x?
7
Let p be 1*0*1/3. Suppose 5*z = -4*l + 34, 4*l - 4 = -p*l. What is the remainder when 10 is divided by z?
4
What is the remainder when 11 is divided by (22/44)/((-1)/(-18))?
2
Suppose 0 = 5*p - 10, 2*d + 5*p + 28 = -0*d. Let j = d + 35. What is the remainder when 46 is divided by j?
14
Let y be 1/(-2 - (-33)/15). Suppose -2*g = -2*z + 8, -4*z - 8 = -6*z. Suppose g = -j + 5, -y*r + 118 = 5*j + 28. What is the remainder when 24 is divided by r?
11
Let a be (2/(-2))/(1/4). Let j(v) = v**2 - 4*v - 1. Let d(o) = -o**2 + o + 1. Let k(i) = -4*d(i) - 2*j(i). Calculate the remainder when k(a) is divided by 8.
6
Let h(a) = -a**3 + 10*a**2 - 7*a + 16. Calculate the remainder when 134 is divided by h(9).
32
Suppose -2*m = -93 - 39. Suppose -g + m = 2*g. What is the remainder when 64 is divided by g?
20
Let x(w) = -w**3 + 25*w**2 - 24*w + 5. Calculate the remainder when 39 is divided by x(24).
4
Suppose -4*h + 8*h = 148. Let n = 30 + -17. Calculate the remainder when h is divided by n.
11
Suppose 4*n = -5*s + 58, 4*s + 2*n = 64 - 20. What is the remainder when 15 is divided by s?
5
Let d be 2/4 + (-22)/4. Let m = d - -4. Calculate the remainder when m/2 - 50/(-4) is divided by 7.
5
Suppose -3*b + 4 = -g + 3, 0 = -b - 4*g + 22. Suppose -i + 24 = 5*l - 3*l, b*l + 24 = 2*i. Calculate the remainder when i is divided by 10.
6
Suppose 3*z + 2*z = 120. Suppose 4 = p - 13. Suppose p = 4*t - 35. Calculate the remainder when z is divided by t.
11
Let o = 40 - 3. What is the remainder when o is divided by 20?
17
Suppose -2*b - 16 = -42. What is the remainder when b is divided by 4?
1
Suppose 0 = -4*b - c + 43, 0 = -2*b - b - c + 32. What is the remainder when 32 is divided by b?
10
Let a be ((-5)/(-10))/((-1)/8). Let z = 7 + a. What is the remainder when 4 is divided by z?
1
Suppose i - 4 = -p, -4*i - 2*p + 15 = 3*p. What is the remainder when 13 is divided by i?
3
Suppose -2*q + 8 = 2*q. Calculate the remainder when 2 is divided by -1*(0 - (-1 + q)).
0
Let m = -3 - 5. Suppose -2*k - 4*p + 8 + 12 = 0, 4*k = -2*p + 16. What is the remainder when m/(-4 + 2 + 0) is divided by k?
0
Let f = 4 - -11. Suppose 3*y = -0*y + f. Calculate the remainder when 13 is divided by y.
3
Suppose 0 = 6*u - 2*u. Let k be -2 + 0 + (2 - u). Suppose 5*s = -k*s + 100. What is the remainder when s is divided by 7?
6
Let g(l) = -l**2 - l + 2. Let k be g(-3). Let w(q) = 2*q**2 - 11*q - 15. Calculate the remainder when w(7) is divided by 9/2 - (-2)/k.
2
Let c be ((-5)/10)/((-2)/4). Suppose c = 2*m - 11. What is the remainder when 17 is divided by m?
5
Let i be (3/(-2))/((-2)/4). Suppose -12 = 4*j, -47 = -i*s + 5*j + 43. What is the remainder when s is divided by 13?
12
Let j(k) = 29*k - 42. What is the remainder when j(5) is divided by 21?
19
Let g = 139 + -82. Calculate the remainder when g is divided by 12.
9
Suppose -4*r = -6 - 2. Suppose 0 = 4*m - 3*q - 120, 2*m - 29 = -r*q + 17. Calculate the remainder when m is divided by 15.
12
Let s = 4 + 0. Suppose -3*j - 24 = 2*l - 69, s*l + 80 = 4*j. Calculate the remainder when 49 is divided by j.
15
Let o(w) = 2*w**3 - w**2 - w + 26. What is the remainder when o(0) is divided by 7?
5
Let m = 133 + -94. Calculate the remainder when m is divided by 14.
11
What is the remainder when (4/(-8))/(4/(-424)) is divided by 14?
11
Let z(i) = i**2 - 10*i - 16. What is the remainder when z(-5) is divided by 20?
19
Suppose -2*k + 0*k = 3*w - 64, 2*w - 47 = 3*k. Calculate the remainder when 64 is divided by w.
20
Let o be 2/(-9) - 4/(-18). Suppose o = 4*g - 3 - 21. Calculate the remainder when g is divided by ((-4)/(-1))/(-1 + 2).
2
Suppose 3*m + 95 = -3*c + 260, -4*c + 5*m + 175 = 0. Let n = c + -35. Calculate the remainder when 28 is divided by n.
13
Let v(s) = -3*s - 18. Let g be (-2)/9 + (-230)/18. Calculate the remainder when v(g) is divided by 8*3/8*2.
3
Let v(a) = a + 15. Suppose 0 = -2*b - 10 - 16. What is the remainder when 7 is divided by v(b)?
1
Let t = 57 + 3. What is the remainder when t is divided by 33?
27
Suppose -4*m - 2*m = -186. Calculate the remainder when 60 is divided by m.
29
Let u(c) = -c**3 - 8*c**2 - 6*c + 9. Let f be u(-7). Suppose f*a + 65 = 7*a. Calculate the remainder when a is divided by 7.
6
Let b = 14 + -6. Suppose -3*o + 10*o - 35 = 0. Calculate the remainder when b is divided by o.
3
Let s = -62 + 87. Calculate the remainder when s is divided by 15.
10
Suppose -31 = -4*o - 3*a, a + 3 = -3*o + 4*a. What is the remainder when 14 is divi